)).
3
Suppose 7*h + 56 - 161 = 0. Let j = -13 - -55. What is the remainder when j is divided by h?
12
Suppose 0 = -2*m + 10 - 2. Let v = -2 + m. What is the remainder when v is divided by 1?
0
Suppose -26 - 4 = -3*q. Suppose -4*u - 4*l + l + 85 = 0, 0 = -2*u - 4*l + 30. Suppose -o + 13 = -u. Calculate the remainder when o is divided by q.
8
Let o be (-16)/28*(-7)/2. Suppose 0 = 2*y + p - 3, -3*p - 4 = -5*y - o. Let d = 8 + y. What is the remainder when 26 is divided by d?
8
Let x = -5 - -12. What is the remainder when 10 is divided by x?
3
Let x = 54 + -21. Calculate the remainder when x is divided by (24/(-5))/((-12)/30).
9
Let z(f) = f - 5 - 2*f + 0*f. Let i be z(-6). What is the remainder when 25 is divided by 11*i - 2/1?
7
Let d = 6 + -4. Calculate the remainder when 6 is divided by d.
0
Let m(q) = -q - 3. Let f be m(-4). Suppose -f = -2*z + 3*w, 2*w + 0*w + 2 = 2*z. What is the remainder when 6 is divided by z?
0
Let i(p) = 2*p**2 - 21 + 11 - 5*p - 2. Calculate the remainder when i(7) is divided by 13.
12
Suppose k - 7 = -t, 0*t - 2*t = 4*k - 24. Let m be 28/21 - (-2)/3. Suppose 4*g = -8, 3*z = m*z - g + 4. Calculate the remainder when z is divided by t.
0
Suppose 0 = 2*r + r - 9. Suppose -128 = -2*p - 2*p. What is the remainder when p is divided by 12 - (-1)/r*-3?
10
Let p = 88 + -172. Let d = 367 + -247. Let l = d + p. Calculate the remainder when l is divided by 19.
17
Suppose 7 = -2*v + 31. Let l(h) = -3*h**3 + 2*h**2 - 2*h + 1. Let f be l(-3). Let p = -73 + f. What is the remainder when p is divided by v?
9
Suppose -5*a + 5 = 3*m - 3, 0 = -m - 4*a + 12. Let n = 16 + m. What is the remainder when n is divided by 8?
4
Let h(t) = -23*t + 1. What is the remainder when h(-2) is divided by 24?
23
Let z = 9 - 5. Calculate the remainder when (0 - -7)*6/7 is divided by z.
2
Calculate the remainder when 21 is divided by 20/3 - 12/18.
3
Suppose 3*w - 16 - 4 = -2*b, -36 = -3*b - 3*w. Let s = -31 - -77. Calculate the remainder when s is divided by b.
14
Let w be (2*-1)/(-2 - 0). Let d be ((-15)/3)/(w/3). Let g = 43 + d. What is the remainder when g is divided by 15?
13
Calculate the remainder when 19 is divided by 0/6 + 0 + 10.
9
Let w = 3 - 13. Let c be (2 + 36/(-15))*w. Suppose -m = c, 0*f - 4*m - 19 = -3*f. What is the remainder when f is divided by 1?
0
Let t(m) = 5 - 1 + m + m**2 - 2 + 0*m. Suppose -5*u + 16 = l, -4*l + 0*u - u = -26. What is the remainder when l is divided by t(-2)?
2
Let y(o) = -5*o - 15. Suppose -6*s + 3*s = 2*q + 22, 2*q = -s - 2. Calculate the remainder when 68 is divided by y(s).
33
Let q = -30 - -36. Calculate the remainder when 40 is divided by q.
4
Let f be -3 + 7/(14/(-64)). Let g = -26 - f. Suppose 0 = -a - 0*a + 16. What is the remainder when a is divided by g?
7
Let c be (-12 - (-2 - 0))/(-2). Suppose -145 + c = -4*f. Suppose 3*i - 40 = 2*w, -60 + 10 = -4*i + w. Calculate the remainder when f is divided by i.
11
Suppose -81*k - 60 = -84*k. Let x(d) = d + 2. Let i be x(-6). Calculate the remainder when k is divided by 7/(-2)*(2 + i).
6
Let k(n) = 2*n**2 - 5*n + 4. Suppose -5*r + 28 = -57. Suppose 0*d - d + 5*t - r = 0, -2*t + 8 = 0. What is the remainder when k(d) is divided by 3?
1
Suppose 0 = 2*p - 3*p + 2. Let u = p - -7. What is the remainder when 16 is divided by u?
7
Suppose 2*k = -0 + 42. What is the remainder when 39 is divided by k?
18
Let w be (2 - 0)*10/4. What is the remainder when 11/(-44) + (-82)/(-8) is divided by (4/w)/(2/15)?
4
Suppose 4*r + 4*d = 152, 2*r + 4*d - 70 = -0*r. Calculate the remainder when 79 is divided by r.
38
Suppose 3*q = q + 6. Let k(p) = p**3 - p - 1. Let l be k(0). Let b(m) = 7*m**2 - m. What is the remainder when b(l) is divided by q?
2
Let a = 21 - 11. Calculate the remainder when 59 is divided by a.
9
Let h(k) = 4*k**2 - 3*k - 2. Suppose 0*o + 2*o = 0. Suppose 0 = -2*n - o*n + 14. Calculate the remainder when h(-2) is divided by n.
6
Suppose -3*n + 0*n - f = -118, -3*n - 5*f + 122 = 0. What is the remainder when n is divided by 21?
18
What is the remainder when 14 is divided by 18/4 - (-6)/12?
4
Calculate the remainder when ((-2)/(-5))/((-2)/(-240)) is divided by 10.
8
Suppose 0 = 4*q + q - 760. What is the remainder when (q/(-20))/((-2)/5) is divided by 5?
4
Suppose -2*v = 0, -5*v - 16 = -r + 1. Let b = r + 23. Suppose -b + 4 = -2*z. What is the remainder when 53 is divided by z?
17
Let j(d) = 2*d**2 - 5*d - 28. Calculate the remainder when j(9) is divided by 13.
11
Let m(w) = w**2 - 8*w + 23. What is the remainder when m(10) is divided by 5?
3
Let t = -1 - -1. Let b(x) = -x + 69. Let g be b(t). Suppose r - 1 = h - 50, h + 4*r = g. What is the remainder when h is divided by 18?
17
Let g be (-3)/(-3)*-21 + 0. Calculate the remainder when 41 is divided by (-4)/(-8) + g/(-2).
8
Suppose 0 = 2*p + 4*h - 16, -p + 13 = 3*h + 2. Suppose -3*g = 4*f - f + 156, 214 = -4*f - p*g. Let b = -37 - f. Calculate the remainder when 53 is divided by b.
17
Let u(h) = -h**3 - h**2 + h + 2. Let k(l) = l**2 + 2*l - 2. Let g be k(-3). Calculate the remainder when u(-3) is divided by 0 - (0 + g)*-9.
8
Let o = -9 + 13. What is the remainder when (-2 + 62)*o/10 is divided by 14 + -2 + (1 - 0)?
11
Let a be (-273)/12 + 6/8. Let h = 48 + a. Calculate the remainder when 49 is divided by h.
23
Let v = -1 + 7. Let g(k) = -k. Let r be g(-1). Let n = r - -9. What is the remainder when n is divided by v?
4
Suppose 2*q = -a + 26, 4*q = a + q - 16. Calculate the remainder when a is divided by 6.
4
Let v = -113 - -136. Let p(a) = 8*a**3 - a**2 + 1. Calculate the remainder when v is divided by p(1).
7
Let i = -10 + 23. Let j = 84 - 48. What is the remainder when j is divided by i?
10
Let b(o) = -o + 7. Let n be b(3). Let c = n - -10. Let p(x) = x**2 - 12*x - 4. What is the remainder when p(15) is divided by c?
13
Let b(p) = -18*p + 2. Calculate the remainder when b(-2) is divided by 13.
12
Suppose 5*d = -3*b + 195, -3*d = -b - 0*b - 117. What is the remainder when d is divided by 11?
6
Suppose -3*c - u + 13 = -0*u, u = c - 3. Suppose c*t - 29 = 3. What is the remainder when 30 is divided by t?
6
Suppose -3*b = -2*y - 6*b + 25, -y + 3*b - 10 = 0. Suppose -5*j = -4*l - 2 + 68, -2*j - 4 = 0. Calculate the remainder when l is divided by y.
4
Suppose g + g = 4. Calculate the remainder when 5 is divided by g.
1
Let b(u) = -76*u**2 + 1. Let g be b(1). Calculate the remainder when 55 is divided by (-6)/(-4) - g/6.
13
Let i(f) = f**3 - 12*f**2 + 5*f - 18. What is the remainder when i(12) is divided by 15?
12
Suppose -3*y = 2*y. Suppose -2*p + 4*p - 38 = y. What is the remainder when 92 is divided by p?
16
Suppose -n - 5*z - 16 = 0, 7 + 18 = -5*z. Suppose 0 = -h + s + n, 2*s = -4 + 14. Calculate the remainder when h is divided by (-1)/3 - 16/(-3).
4
Let j be (30/18)/(2/6). Suppose j*o + 4*s = -0*o + 161, -3*o = -2*s - 101. Let u = 53 - o. Calculate the remainder when 58 is divided by u.
18
Calculate the remainder when (234/(-3))/(1/(-1)) is divided by 16.
14
Suppose -f + 60 = f + 2*m, 5 = f - 4*m. What is the remainder when 35 is divided by f?
10
Let j be 5*(4 - 72/20). Suppose -v - 148 = -5*n - 3*v, -4*n = -j*v - 122. Calculate the remainder when n is divided by 11.
8
Let r = 5 - 3. Suppose 4*u = -5*b - 0*b + 164, 5*b + r*u - 172 = 0. Suppose -3*g = -g - b. Calculate the remainder when 34 is divided by g.
16
Let s = 7 + 25. Suppose 21*i = 20*i + 17. What is the remainder when s is divided by i?
15
Suppose -4*n + 0*n = 4, i + 34 = -n. Let d = 48 + i. What is the remainder when 28 is divided by d?
13
Let o = 50 + -15. Suppose -o = -3*q - d, -2*q - q + d + 31 = 0. Calculate the remainder when q is divided by 3.
2
Let k(u) = -u + 3. Let l = 54 - 30. Calculate the remainder when l is divided by k(-6).
6
Let i(g) be the second derivative of 7*g**5/5 - g**4/12 - g. What is the remainder when i(1) is divided by 15?
12
Let u = -1 - -15. Suppose 4*v - 35 = -5*l, -2*l - 4*v + 26 = -0. Suppose 0*j = f + l*j + 7, 0 = -3*j - 12. What is the remainder when u is divided by f?
4
Let z = -13 + 34. What is the remainder when 83 is divided by z?
20
Suppose 27*h = 24*h + 186. What is the remainder when h is divided by 17?
11
What is the remainder when 87 is divided by 7 - 6 - (-8 - 2)?
10
Suppose -4*k + 6*l + 28 = 2*l, 0 = -k - 2*l + 7.